3*s**3 - 2 - 13/2*s**2. What is the units digit of x(7)?
7
Suppose 0 = -4*j + 5*h + 1512, -3*j - 5*h + 726 = -j. Suppose 7*g - 82 = j. What is the units digit of g?
5
Let h = -5 + 25. Suppose -9*m - h = -13*m. Suppose -s + 61 = 5*u, m*u + 0*u - 5*s = 85. What is the units digit of u?
3
Let p(w) = 2*w + 18. Let f be p(11). Let g = f + 64. What is the hundreds digit of g?
1
Suppose -199 = -5*j + 251. What is the units digit of j?
0
Suppose -133 = -u + 5*f, 5*f = 4*u - 0*f - 457. Let y be (-627)/22*(0 - 2). Let b = u - y. What is the tens digit of b?
5
Let w(i) be the second derivative of i**6/60 - i**5/15 + i**4/8 - i**2 - 3*i. Let m(z) be the first derivative of w(z). What is the units digit of m(3)?
7
Suppose 3*m - 52 = 7*m. Let z = 19 + m. What is the units digit of z?
6
Suppose -2*r = 2*r + 4*b - 32, 0 = 4*r - 2*b - 14. Suppose -2*g + 0*g = p - 7, -r = -5*p. Suppose 0 = -2*y + g*y - 44. What is the units digit of y?
4
Let s(p) = -p**3 + 2*p - 1. Let b be s(1). Let t(v) = b - 3*v + 3 - 5. What is the tens digit of t(-4)?
1
Let q = -622 - -875. What is the hundreds digit of q?
2
What is the tens digit of (261/(-15))/((-2)/60)?
2
Let z(s) = s**2 + 3*s + 3*s - 11*s. Let n be z(4). Let k(y) = -y**3 - 3*y**2 - 7*y - 4. What is the units digit of k(n)?
0
Let f = -3218 - -4702. What is the tens digit of f?
8
Suppose -r + 3 + 43 = 0. What is the units digit of r?
6
Suppose -4*t - 2 = b - 5, t = 0. Let m(f) = -6*f - 7*f**3 + 12*f**3 - 6 - 6*f**b - 5*f**2. What is the units digit of m(-4)?
2
Let a = 231 + -133. What is the units digit of a?
8
Let k(a) = a**3 + 18*a**2 + 18*a + 22. Let x be k(-17). Suppose 4*u - x = -1. Let y(c) = 32*c**3 - c**2 + c. What is the tens digit of y(u)?
3
What is the units digit of (-3 + 0)*(-2 + 0 - 171)?
9
What is the units digit of (-781)/(-5) + 1 + (-6)/30?
7
Let f = 99 - 99. Suppose -16*x + 13*x + 813 = f. What is the units digit of x?
1
Suppose -20 = -3*x - 2*d + 4*d, -5*d = -4*x + 22. Suppose w + 9 = i, -3*w + 15 = -i - x*w. What is the units digit of i?
5
Let m(u) = u**3 - 3*u + 2. Suppose -3*z = -2*j, 0*j = j + 3*z + 9. Let o be m(j). What is the units digit of (-4)/o + (-334)/(-8)?
2
Let t(o) = -29*o**2 - 2*o + 16*o**2 - 17*o + 14*o**2 - 17. What is the units digit of t(20)?
3
Suppose 26*a = 16*a + 670. What is the units digit of a?
7
Let c(g) = 109*g + 97. What is the hundreds digit of c(8)?
9
What is the hundreds digit of 10311/(-14)*(-4)/6?
4
Suppose -59*h = -q - 56*h + 953, 0 = 4*q - 4*h - 3820. What is the hundreds digit of q?
9
Let o be ((-2)/5)/((-3)/795). Let j = 41 - o. Let a = -46 - j. What is the tens digit of a?
1
Let k(u) = 4 + 26*u - 3 + 0 - 4*u. Let t be k(3). Suppose 2*m + t = 2*b + 15, 86 = 4*b + 5*m. What is the units digit of b?
4
Suppose 6*p + 4*h = 2*p + 592, 5*h - 15 = 0. Let k = p + -75. What is the tens digit of k?
7
Let a be 24/(-18) - 2/(-6). Let c be a/3 - (-795)/9. Suppose c = 2*y + 4*i, 5*i - 4*i + 113 = 2*y. What is the units digit of y?
4
Suppose -5*t - 3*s = 240, 4*s = 5*t - t + 192. Let k = t - -102. What is the tens digit of k?
5
Suppose 0 = 4*m - 0*t + t + 515, 3*m - 2*t = -389. Let p = m - -227. What is the tens digit of p?
9
Let w = 63 - 55. Suppose -w*c = c - 549. What is the units digit of c?
1
Let m = -43 - -73. What is the units digit of ((-154)/(-35))/(2/m)?
6
Let x(j) be the first derivative of j**4/4 - 5*j**3 - 8*j**2 + 8*j - 1. What is the units digit of x(16)?
8
Let r(l) = -l**3 + 24*l**2 + 3*l - 60. Suppose 0 = -12*p + 9*p + 72. What is the units digit of r(p)?
2
Let g(h) = -2*h - 7. Suppose 0 = 2*z + 3*z - 30. Let y be g(z). What is the units digit of 8/(6 + -2) - y?
1
Let o(t) = 2*t - 5. Let s be o(5). Suppose -z + s*y + 40 = -116, -3*z + 4*y = -413. What is the hundreds digit of z?
1
Let k = -23 - -28. Suppose -5*g + 27 = -4*d, 5*g = k*d + 43 - 13. Suppose 5*r = -c + 267, -g*c = 4*r + 2*c - 201. What is the tens digit of r?
5
Let b be 418/7 - 42/(-147). Let m be 8/5 + 24/b. Suppose -m*l + 55 = -39. What is the units digit of l?
7
Let h = -298 - -391. What is the tens digit of h?
9
Let i(w) = -5*w**2 + 2*w + 4. Let o(h) = 11*h**2 - 4*h - 8. Let q(t) = -13*i(t) - 6*o(t). Let n be q(4). Let g = 51 + n. What is the tens digit of g?
2
Let x(k) = -k**2 + 21*k - 2. Let j be x(21). Let y(m) = 19*m**2 + 3*m - 1. What is the units digit of y(j)?
9
Suppose 0 = -2*n - 4*s + 7*s + 8, -n - 2*s = -4. Suppose o = -n*w + 12, -o - 10 = -3*w - 2*o. What is the units digit of (6/3 + 6)/w?
4
Suppose 22*h + 4 = 21*h. Let p(o) = o**3 + 4*o**2 + o + 1. Let q be p(h). What is the units digit of 7 - q/2*-2?
4
Suppose 5*v = 7*v, 0 = -5*y - 2*v + 280. Let r be 20/(-5) - (y + -1). Let i = -16 - r. What is the tens digit of i?
4
Let o(x) be the second derivative of -2/3*x**3 + 0 + 7/2*x**2 - 9*x. What is the tens digit of o(-7)?
3
Suppose 0 = -8*z - 13 - 59. Let n(g) = -g**3 - 8*g**2 + 5*g + 17. What is the tens digit of n(z)?
5
Let s = 333 - 261. What is the units digit of s?
2
Suppose 5*t + 4*m + 348 = 0, 4*t - 5*m + 151 = -152. Let k = -23 - t. What is the units digit of k?
9
Let d(o) = -18*o - 16. Let f be d(-11). Suppose 0 = -2*i - 4*h + 150, -3*i + 39 = 4*h - f. What is the tens digit of i?
7
Let p(u) = -5*u + 5. What is the units digit of p(-10)?
5
Let u(m) = 5*m**2 + m + 4. Let l be u(-3). Let i = l - 26. Suppose -17 = -q + i. What is the units digit of q?
7
Let m(s) = -6*s**2 + 5*s**2 + 7 + 6*s - 2 + 1. Let k be m(6). Suppose -7 = 5*x - k*x. What is the units digit of x?
7
Let n(u) = u**3 - 7*u**2 - 8*u + 2. Let y be n(8). Suppose -42 = y*h + 3*t, -4*h + 0*t + 3*t = 48. Let f = h + 28. What is the tens digit of f?
1
Let n(m) = m**3 - 11*m**2 + 7*m + 70. What is the hundreds digit of n(12)?
2
Suppose h + 9278 = 5*o, -2*o + 0*h + 2*h + 3716 = 0. What is the tens digit of o?
5
Let l(i) = -5*i**3 - 2*i**2 + 6*i - 1. Let u be 34/(-10) + 4/10. What is the units digit of l(u)?
8
Let h = 198 - -256. Suppose 3*n - 41 = h. What is the units digit of n?
5
Suppose v - 6*v - 145 = -r, -v = r - 151. What is the tens digit of r?
5
Suppose 4*c - 49 = -3*f, 4*c + 0 - 84 = 4*f. What is the tens digit of c?
1
Suppose 4*o = 4*k - 104, -4*o + 25 = 2*k - 21. Suppose 3*v - 2*n + 53 = -3*n, -3*v - 51 = 3*n. Let w = k + v. What is the units digit of w?
7
Let j = -121 + 119. What is the units digit of ((-12)/9 - j)*363?
2
Let c(j) = j**2 - j + 2. Let p be c(2). Let l be 9/p - (-60)/80. Suppose -l*n - 205 = -8*n. What is the units digit of n?
1
Suppose 23 - 5 = -l - 5*g, g + 2 = 0. Let p(r) = -r**2 - 7*r + 6. Let o be p(l). What is the units digit of -3 + (o - -12) - -1?
8
Let i be (-40)/10 + 2*389. Suppose 5*f - 1570 = -5*d, -5*d = 2*f - 787 - i. What is the hundreds digit of d?
3
Let l(t) = t**3 + 15*t**2 + 14*t + 9. Let z be l(-14). Let o(j) = j - 1 - z*j**2 + 40*j**2 - 2*j - j. What is the tens digit of o(-1)?
3
Suppose 0 = 2*t + t - 6, 0 = -4*a - 4*t + 64. What is the tens digit of 505*1*7*a/245?
0
Let a(x) = 2*x**2 - 52*x + 30. What is the tens digit of a(27)?
8
Let n = 2351 - 1633. What is the tens digit of n?
1
Suppose 0 = 2*z - 3*o + 27, 2*z - 4*z - o - 7 = 0. Let v be 40/(-6)*9/z. What is the units digit of ((-4)/5)/(v/(-350))?
8
Let b = 644 - 367. What is the units digit of b?
7
Let l(q) = 2*q**2 - 7*q + 7. Let s be l(5). Let a = s - -10. What is the tens digit of a?
3
Let a = 36 - 32. Suppose a*r + 72 = 4*b, 78 = 2*b + b + 3*r. What is the tens digit of b?
2
Let p(q) = q**3 + q**2 - 7. Suppose 0 = -5*j + 3*j. Let v be p(j). What is the units digit of 2/14 - 335/v?
8
Let z(c) = -c**3 - 13*c**2 - 15*c - 6. Let u be (2/4)/(2/(-48)). What is the tens digit of z(u)?
3
Suppose -10*a = -15*a + 1785. What is the tens digit of a?
5
Suppose 166 - 6 = 10*j. Suppose -j*y + 238 = -2*y. What is the tens digit of y?
1
Suppose -4*v + 587 = -y, -v - 4*y = -43 - 125. Let b = 405 - v. What is the tens digit of b?
5
Let m be 17*(-3 + (-12)/3). Let t = m - -214. What is the tens digit of t?
9
Let d(q) = q + 1. Let m be d(-1). Suppose m = -8*g + 10*g - 134. What is the tens digit of g?
6
Suppose 5*o - 2*u - 622 = 0, 2*u = 5*o - 2*o - 370. Suppose 0 = -5*k - 2*w + o, 3 - 21 = -k - 4*w. What is the units digit of k?
6
Suppose -16 = -5*w + w - 4*v, -3*w = -4*v - 12. Let x be (3 - w - 3)/(-1). Suppose 4*s - 161 + 33 = 3*b